**3 + 5*z**2 - z - 3. Suppose 5*l - 16*a = -13*a + 68, 3*l - 3*a = 48. Calculate the remainder when g(-4) is divided by l.
7
Suppose -107*i + 63048 = 30*i + 76*i. Calculate the remainder when 615 is divided by i.
23
Let g(c) = c**2 + 15*c - 16. Let m be g(-16). Suppose m*w = -13*w + 572. What is the remainder when w is divided by 39?
5
Calculate the remainder when -1 - 5096/(-9 + -5) is divided by 357.
6
Suppose 103*d + 11*d - 3349 = -83*d. What is the remainder when 2242 is divided by d?
15
Suppose 0 = -0*w + 4*w - 72. Suppose -2*p + 206 = -5*i + 2357, p + 1719 = 4*i. Calculate the remainder when i is divided by w.
15
Let a = -122 - -187. Suppose 290 = 29*t - 0*t. Suppose t*z - 2898 = z. What is the remainder when z is divided by a?
62
Suppose -49*x + 27*x + 1716 = 0. Calculate the remainder when 97 is divided by x.
19
Calculate the remainder when (3 + -7)/((-38)/8569) is divided by 38.
28
Let k be 8 + (-3)/1*5/(-15). Suppose 5*j - 35 = -4*s, 4*s + 5*j = k*j + 44. Suppose s = -u + 15. What is the remainder when 29 is divided by u?
4
Let n be -2 - -3 - (2 - -1). Let v = 6 - n. Suppose -96*r = 22*r + 126*r - 5124. Calculate the remainder when r is divided by v.
5
Suppose 34 + 10 = r. Suppose 359*d - 357*d - 86 = 0. Suppose -47*n + d*n = -r. Calculate the remainder when 30 is divided by n.
8
Let h(b) = 2*b**3 - 19*b**2 - b. Suppose -3*f - 153 = 2*p - 5*p, -4*p = 4*f - 204. What is the remainder when h(13) is divided by p?
48
Suppose 42*p - 2311 = 3217 - 1454. Calculate the remainder when 3878 is divided by p.
95
Let o be ((-4)/14)/(4/(-42)). Suppose 5*c + 88 = o*n, c - 76 = 13*n - 16*n. What is the remainder when 44 is divided by n?
18
Let x(p) = -2*p**2 + 12*p + 56. Let i be x(-7). Calculate the remainder when 36/i + (-46)/(-14) + 4 is divided by 2.
1
Let g(u) = -2*u**2 - 98*u + 2206. Suppose 4*i = o - 34, o - 84 = -3*o + 3*i. What is the remainder when g(-64) is divided by o?
16
Suppose 5*j + 4*v - 52 = 13, v = -5*j + 65. Suppose -49*d = -1724 - 1853. Calculate the remainder when d is divided by j.
8
Let c be -2 + (-8)/6*3. Let d be 244/c - (-1)/(-3). Let y = 62 + d. Calculate the remainder when 59 is divided by y.
17
Let t(y) = 4*y + 221. Let a be t(-14). Let z = -144 + a. What is the remainder when 166 is divided by z?
19
Let y = 77 + -131. Let k = 24 + y. Let s = k - -66. What is the remainder when 105 is divided by s?
33
Let b = 160 + -155. Suppose 4*c = 7*c - 5*d - 163, 20 = b*d. Calculate the remainder when 103 is divided by c.
42
Let b = -5461 + 5653. What is the remainder when b is divided by 7?
3
Suppose 4*k - 28 = w - 1011, 3*w = 3*k + 2904. Suppose 183 = -26*q + w. What is the remainder when q is divided by 13?
4
Suppose 0 = 4*s + n + 775 - 3117, 5*s - 4*n = 2938. Calculate the remainder when 2358 is divided by s.
14
Suppose 3*j - 9 = 7*j + 3*p, -3*j = -2*p + 11. Let n be (-24)/16*(-2)/j*-65. Let c = n + -33. What is the remainder when 93 is divided by c?
29
Let v(l) = l**2 + 9*l + 89. Calculate the remainder when v(22) is divided by 87.
75
Let b be (0 + 4/6)/(4/4518). Let h = -736 + b. Calculate the remainder when 49 is divided by h.
15
Let x be ((-12)/10)/((-3)/30). Let l(h) = -9*h + 3 - 29*h + 15 + 37*h. What is the remainder when 16 is divided by l(x)?
4
Let v(g) = 2*g - 120. Let h be v(18). What is the remainder when 158 is divided by (-92)/(-10)*(-210)/h?
20
Suppose 30*t - 245 = -c + 26*t, 4*c - 3*t - 999 = 0. Calculate the remainder when 750 is divided by c.
3
Suppose 6*l + 537 = 681. Suppose 118 = 5*i - 4*i. What is the remainder when 4/(8/i)*1 is divided by l?
11
Let z = 2 + 4. Let y = z - 2. Suppose y*a - 44 + 7 = -x, 4*a = 4*x - 228. What is the remainder when x is divided by 27?
26
Let g be 1*683/3 + 11/33. Suppose -50*m = -54*m + g. Let o(d) = 5*d**2 - 3*d + 1. Calculate the remainder when m is divided by o(2).
12
Suppose -2*p - 15 = -83. Let k = 74460 + -74296. What is the remainder when k is divided by p?
28
Let q(d) = d**2 + 11*d - 9. Let v(j) = 12*j + 151. What is the remainder when v(-11) is divided by q(-12)?
1
Suppose -2*z + 24 = 2*z. Let k = z - -2. Let w = -557 + 594. What is the remainder when w is divided by k?
5
Let h = 405 - 394. What is the remainder when 2561 is divided by h?
9
Let y = 245 - 240. Suppose -y*t = v - 138, 3*v = 2*t - 0*v - 62. Calculate the remainder when 111 is divided by t.
27
Let l be 9/15 - (-1)/(15/21). Suppose 4*u = 5*y + 57, -3*u - 4*y = l*u - 20. What is the remainder when 28 is divided by u?
4
Let w = 105 + -103. Suppose w*v - 53 = -17. Suppose v = -4*i + 74. What is the remainder when 124 is divided by i?
12
Let v(m) = 8*m + 120. Let c be v(-14). Suppose 0*w - 5*w + 55 = 0. Calculate the remainder when c/(-6)*(-630)/28 is divided by w.
8
Let l(x) = 34*x - 3. Let b(z) = -z**2 + 34*z - 1. Let k be b(-7). Let s = k - -305. What is the remainder when l(2) is divided by s?
14
Suppose 13 + 147 = 4*c - 4*g, -g = 3*c - 108. What is the remainder when (388/6)/(14 + 760/(-57)) is divided by c?
23
Suppose -4*r + 765*s - 767*s = -8258, 0 = 5*s + 25. What is the remainder when r is divided by 69?
66
Let a = -7168 - -8746. What is the remainder when a is divided by 158?
156
Let c = 10213 - 10199. Calculate the remainder when 4449 is divided by c.
11
Suppose 26*s - 5051 - 487 = 0. Calculate the remainder when s is divided by 54.
51
Let c = 396 + -293. Let d = 99 - 18. Let p = -46 + d. Calculate the remainder when c is divided by p.
33
Suppose 2*v + 2577 - 3923 = 0. Calculate the remainder when v is divided by 75.
73
Let a = 504 - 774. Let q = 285 + a. Let y(i) = i - 1. What is the remainder when q is divided by y(9)?
7
Let j = 12616 + -12555. Let g(a) = a**3 - 2*a**2 - 2*a - 5. What is the remainder when j is divided by g(4)?
4
Suppose -3*b = 3*l - 18, b + 4*l = -b + 8. Calculate the remainder when 1013 is divided by b.
5
Let p = -2 - -8. Let m(c) = -2*c**3 - 20*c**2 - 35*c - 19. Let d = -334 + 326. What is the remainder when p is divided by m(d)?
1
Let n(w) = 3*w**2 + 11*w - 10. Calculate the remainder when 4215/45 - (-2)/9*-3 is divided by n(3).
43
Let x(v) = -2*v**3 - 4*v**2 + v + 3. Let u be x(-4). Suppose -5*t - 4*s = -171 - 19, 2*t - s = u. Calculate the remainder when t is divided by 24.
10
Let a(o) = 60*o + 58. What is the remainder when a(0) is divided by ((-10)/3)/(4/(-12))?
8
Suppose 0 = c - 3*l - 45, -3*l + 7 + 8 = c. Let f = c + -22. Let q(i) = 7*i + 1. What is the remainder when q(f) is divided by 30?
27
Suppose 0 = -5*p - 15, 24*l = 19*l - 4*p + 668. Calculate the remainder when 139 is divided by l.
3
What is the remainder when 2/(-6) + 9820*(-1)/(-12) is divided by 10?
8
Suppose 0 = -2*r + 3*k - 6*k + 22, 0 = -5*r - k + 29. Suppose 3*m + f = 8, 0 = f - 4 + r. Calculate the remainder when 4 is divided by -1 + m - (6 - 6).
0
Suppose -2*v + m - 15 = 0, 4*v + 5*m + 0 + 9 = 0. Let z be (v/8)/((-18)/16)*51. Suppose 78 = 4*p - z. Calculate the remainder when 105 is divided by p.
21
Suppose -5*r + 145 = 2*u, 4*u - 67*r = -72*r + 285. What is the remainder when 164 is divided by u?
24
Let q = 9754 + -9743. Suppose y = 3*x + 159 + 126, -3*y + 3*x = -861. Suppose y = -q*i + 20*i. What is the remainder when i is divided by 11?
10
Suppose -5*g - 3*m = -51, -2*m = 4*g + 2*m - 44. Let h = 607 - 69. Suppose -187 = g*f - h. Calculate the remainder when 154 is divided by f.
37
Let d = 32 - 124. Let a = 93 + d. What is the remainder when a is divided by -4 - -6 - (1 + 0)?
0
Suppose -5*i = 92*w - 94*w + 454, 2*w + 3*i - 406 = 0. Calculate the remainder when w is divided by 18.
14
Let i(p) = 362*p**2 + 316*p + 2. Suppose -b = 11 - 58. Calculate the remainder when i(-1) is divided by b.
1
Suppose -25 - 15 = 8*p. Let m(w) = w + 15. What is the remainder when m(p) is divided by 2?
0
Let a(u) = -u**3 - 10*u**2 - 29*u - 11. Let f = 254 - 260. Suppose -r = -42 - 70. What is the remainder when r is divided by a(f)?
17
Calculate the remainder when 79 - (-28)/(756/405) is divided by 20.
14
Suppose -362*a - 1297*a = -102858. What is the remainder when 2/(-4) + 2211/6 is divided by a?
58
Suppose -121592 = 92*h - 380848. Calculate the remainder when h is divided by 56.
18
Suppose 4*w + 3*v = 7*v + 100, 2*v + 28 = w. Let a(s) = -34*s + 49. Let p be a(6). Let c = p - -163. Calculate the remainder when w is di